{"id":45,"date":"2019-12-06T12:34:20","date_gmt":"2019-12-06T12:34:20","guid":{"rendered":"https:\/\/www.elblaeufer.com\/?page_id=45"},"modified":"2020-01-22T13:04:03","modified_gmt":"2020-01-22T13:04:03","slug":"ausbildung","status":"publish","type":"page","link":"https:\/\/www.elblaeufer.com\/?page_id=45","title":{"rendered":"Ausbildung"},"content":{"rendered":"\t\t<div data-elementor-type=\"wp-page\" data-elementor-id=\"45\" class=\"elementor elementor-45\" data-elementor-post-type=\"page\">\n\t\t\t\t\t\t<section class=\"elementor-section elementor-top-section elementor-element elementor-element-c1d8d3d elementor-section-boxed elementor-section-height-default elementor-section-height-default\" data-id=\"c1d8d3d\" data-element_type=\"section\" data-e-type=\"section\">\n\t\t\t\t\t\t<div class=\"elementor-container elementor-column-gap-default\">\n\t\t\t\t\t<div class=\"elementor-column elementor-col-100 elementor-top-column elementor-element elementor-element-8952b92\" data-id=\"8952b92\" data-element_type=\"column\" data-e-type=\"column\">\n\t\t\t<div class=\"elementor-widget-wrap elementor-element-populated\">\n\t\t\t\t\t\t<div class=\"elementor-element elementor-element-d2583f3 elementor-invisible elementor-widget elementor-widget-text-editor\" data-id=\"d2583f3\" data-element_type=\"widget\" data-e-type=\"widget\" data-settings=\"{&quot;_animation&quot;:&quot;fadeIn&quot;}\" data-widget_type=\"text-editor.default\">\n\t\t\t\t<div class=\"elementor-widget-container\">\n\t\t\t\t\t\t\t\t\t<p><\/p>\t\t\t\t\t\t\t\t<\/div>\n\t\t\t\t<\/div>\n\t\t\t\t\t<\/div>\n\t\t<\/div>\n\t\t\t\t\t<\/div>\n\t\t<\/section>\n\t\t\t\t<section class=\"elementor-section elementor-top-section elementor-element elementor-element-4d0ccf02 elementor-section-full_width elementor-section-height-default elementor-section-height-default\" data-id=\"4d0ccf02\" data-element_type=\"section\" data-e-type=\"section\">\n\t\t\t\t\t\t<div class=\"elementor-container elementor-column-gap-default\">\n\t\t\t\t\t<div class=\"elementor-column elementor-col-100 elementor-top-column elementor-element elementor-element-274e7dfe\" data-id=\"274e7dfe\" data-element_type=\"column\" data-e-type=\"column\">\n\t\t\t<div class=\"elementor-widget-wrap elementor-element-populated\">\n\t\t\t\t\t\t<div class=\"elementor-element elementor-element-19aff416 elementor-invisible elementor-widget elementor-widget-text-editor\" data-id=\"19aff416\" data-element_type=\"widget\" data-e-type=\"widget\" data-settings=\"{&quot;_animation&quot;:&quot;fadeIn&quot;}\" data-widget_type=\"text-editor.default\">\n\t\t\t\t<div class=\"elementor-widget-container\">\n\t\t\t\t\t\t\t\t\t<p><span style=\"font-size: medium;\"><b>&#8222;Wenn \u00fcber das Grunds\u00e4tzliche keine Einigkeit besteht, ist es sinnlos, miteinander Pl\u00e4ne zu machen.&#8220;<\/b> <\/span><span style=\"font-size: small;\">(Konfuzius)<\/span><\/p>\t\t\t\t\t\t\t\t<\/div>\n\t\t\t\t<\/div>\n\t\t\t\t\t<\/div>\n\t\t<\/div>\n\t\t\t\t\t<\/div>\n\t\t<\/section>\n\t\t\t\t<section class=\"elementor-section elementor-top-section elementor-element elementor-element-4a56d36e elementor-section-stretched elementor-section-full_width elementor-section-height-default elementor-section-height-default\" data-id=\"4a56d36e\" data-element_type=\"section\" data-e-type=\"section\" data-settings=\"{&quot;stretch_section&quot;:&quot;section-stretched&quot;,&quot;background_background&quot;:&quot;classic&quot;}\">\n\t\t\t\t\t\t<div class=\"elementor-container elementor-column-gap-default\">\n\t\t\t\t\t<div class=\"elementor-column elementor-col-100 elementor-top-column elementor-element elementor-element-4960c83c\" data-id=\"4960c83c\" data-element_type=\"column\" data-e-type=\"column\">\n\t\t\t<div class=\"elementor-widget-wrap elementor-element-populated\">\n\t\t\t\t\t\t<div class=\"elementor-element elementor-element-40a74446 elementor-headline--style-highlight elementor-widget elementor-widget-animated-headline\" data-id=\"40a74446\" data-element_type=\"widget\" data-e-type=\"widget\" data-settings=\"{&quot;highlighted_text&quot;:&quot;HIER bewerben&quot;,&quot;headline_style&quot;:&quot;highlight&quot;,&quot;marker&quot;:&quot;circle&quot;,&quot;loop&quot;:&quot;yes&quot;,&quot;highlight_animation_duration&quot;:1200,&quot;highlight_iteration_delay&quot;:8000}\" data-widget_type=\"animated-headline.default\">\n\t\t\t\t<div class=\"elementor-widget-container\">\n\t\t\t\t\t\t\t\t<a href=\"https:\/\/www.elblaeufer.com\/?page_id=353\">\n\n\t\t\t\t\t<h3 class=\"elementor-headline\">\n\t\t\t\t\t<span class=\"elementor-headline-plain-text elementor-headline-text-wrapper\">Talente gesucht: <\/span>\n\t\t\t\t<span class=\"elementor-headline-dynamic-wrapper elementor-headline-text-wrapper\">\n\t\t\t\t\t<span class=\"elementor-headline-dynamic-text elementor-headline-text-active\">HIER bewerben<\/span>\n\t\t\t\t<\/span>\n\t\t\t\t<\/h3>\n\t\t<\/a>\t\t\t\t<\/div>\n\t\t\t\t<\/div>\n\t\t\t\t\t<\/div>\n\t\t<\/div>\n\t\t\t\t\t<\/div>\n\t\t<\/section>\n\t\t\t\t<section class=\"elementor-section elementor-top-section elementor-element elementor-element-d33f558 elementor-section-boxed elementor-section-height-default elementor-section-height-default\" data-id=\"d33f558\" data-element_type=\"section\" data-e-type=\"section\">\n\t\t\t\t\t\t<div class=\"elementor-container elementor-column-gap-default\">\n\t\t\t\t\t<div class=\"elementor-column elementor-col-100 elementor-top-column elementor-element elementor-element-9a9f53b\" data-id=\"9a9f53b\" data-element_type=\"column\" data-e-type=\"column\">\n\t\t\t<div class=\"elementor-widget-wrap elementor-element-populated\">\n\t\t\t\t\t\t<div class=\"elementor-element elementor-element-86f7e59 elementor-widget elementor-widget-spacer\" data-id=\"86f7e59\" data-element_type=\"widget\" data-e-type=\"widget\" data-widget_type=\"spacer.default\">\n\t\t\t\t<div class=\"elementor-widget-container\">\n\t\t\t\t\t\t\t<div class=\"elementor-spacer\">\n\t\t\t<div class=\"elementor-spacer-inner\"><\/div>\n\t\t<\/div>\n\t\t\t\t\t\t<\/div>\n\t\t\t\t<\/div>\n\t\t\t\t\t<\/div>\n\t\t<\/div>\n\t\t\t\t\t<\/div>\n\t\t<\/section>\n\t\t\t\t<section class=\"elementor-section elementor-top-section elementor-element elementor-element-4e12618 elementor-section-boxed elementor-section-height-default elementor-section-height-default\" data-id=\"4e12618\" data-element_type=\"section\" data-e-type=\"section\">\n\t\t\t\t\t\t<div class=\"elementor-container elementor-column-gap-default\">\n\t\t\t\t\t<div class=\"elementor-column elementor-col-100 elementor-top-column elementor-element elementor-element-0b034cb\" data-id=\"0b034cb\" data-element_type=\"column\" data-e-type=\"column\">\n\t\t\t<div class=\"elementor-widget-wrap elementor-element-populated\">\n\t\t\t\t\t\t<div class=\"elementor-element elementor-element-ae0a937 elementor-widget elementor-widget-text-editor\" data-id=\"ae0a937\" data-element_type=\"widget\" data-e-type=\"widget\" data-widget_type=\"text-editor.default\">\n\t\t\t\t<div class=\"elementor-widget-container\">\n\t\t\t\t\t\t\t\t\t<span style=\"font-size: large;\">Suchen Sie eine geeignete Ausbildung oder streben eine berufliche Neuorientierung an (Umschulung\/Quereinstieg), so sprechen Sie uns an.\n<br><br>\nWir bilden selber aus (m\/w\/d):\n\n<br><br><center>\n \t<li>Personaldienstleistungskaufmann\/frau<\/li>\n \t<li>Kaufmann\/frau f\u00fcr B\u00fcromanagement<\/li>\n<\/center>\n<br><br>\n\nSollte Ihr erlernter Beruf nicht mehr nachgefragt sein, Sie berufsunf\u00e4hig sind, Ihr Berufsfeld durch technische Neuerungen betroffen ist oder Sie beruflich neue Wege gehen m\u00f6chten, er\u00f6ffnet Ihnen ein Berufswechsel neue M\u00f6glichkeiten.\n\n<br><br>\n\nWir bieten Kontakte zu Ausbildungsinstituten verschiedenster Berufszweige und k\u00f6nnen Ihnen in den meisten F\u00e4llen schon direkt vor Beginn der Ausbildung f\u00fcr den Fall des erfolgreichen Abschlusses eine Arbeitsplatzgarantie geben:\n\n<br><br>\n<center>\n \t<li>Lokf\u00fchrer (Dauer der Ausbildung\/Umschulung: 12 Monate)<\/li>\n \t<li>Qualit\u00e4tsfachleute (Dauer der Ausbildung\/Umschulung 18 Monate)<\/li>\n \t<li>Fachinformatiker Anwendungsentwicklung oder Systemintegration (Dauer der Ausbildung\/Umschulung 24 Monate)<\/li>\n \t<li>Technische Produktdesigner (Dauer der Ausbildung\/Umschulung 24 Monate)<\/li>\n<\/center>\n<br><br>\n\nGerne zeigen wir Ihnen auch die M\u00f6glichkeiten auf, im Rahmen von Umschulungsma\u00dfnahmen, Unterst\u00fctzung durch das Arbeitsamt oder die Rentenversicherung zu erhalten.\t\t\t\t\t\t\t\t<\/div>\n\t\t\t\t<\/div>\n\t\t\t\t\t<\/div>\n\t\t<\/div>\n\t\t\t\t\t<\/div>\n\t\t<\/section>\n\t\t\t\t<\/div>\n\t\t","protected":false},"excerpt":{"rendered":"<p>&#8222;Wenn \u00fcber das Grunds\u00e4tzliche keine Einigkeit besteht, ist es sinnlos, miteinander Pl\u00e4ne zu machen.&#8220; (Konfuzius)<\/p>\n","protected":false},"author":1,"featured_media":0,"parent":0,"menu_order":0,"comment_status":"closed","ping_status":"closed","template":"","meta":{"sfsi_plus_gutenberg_text_before_share":"","sfsi_plus_gutenberg_show_text_before_share":"","sfsi_plus_gutenberg_icon_type":"","sfsi_plus_gutenberg_icon_alignemt":"","sfsi_plus_gutenburg_max_per_row":"","footnotes":""},"class_list":["post-45","page","type-page","status-publish","hentry"],"yoast_head":"<!-- This site is optimized with the Yoast SEO plugin v26.8 - https:\/\/yoast.com\/product\/yoast-seo-wordpress\/ -->\n<title>Ausbildung - Elbl\u00e4ufer<\/title>\n<meta name=\"robots\" content=\"index, follow, max-snippet:-1, max-image-preview:large, max-video-preview:-1\" \/>\n<link rel=\"canonical\" href=\"https:\/\/www.elblaeufer.com\/?page_id=45\" \/>\n<meta property=\"og:locale\" content=\"de_DE\" \/>\n<meta property=\"og:type\" content=\"article\" \/>\n<meta property=\"og:title\" content=\"Ausbildung - Elbl\u00e4ufer\" \/>\n<meta property=\"og:description\" content=\"&#8222;Wenn \u00fcber das Grunds\u00e4tzliche keine Einigkeit besteht, ist es sinnlos, miteinander Pl\u00e4ne zu machen.&#8220; (Konfuzius)\" \/>\n<meta property=\"og:url\" content=\"https:\/\/www.elblaeufer.com\/?page_id=45\" \/>\n<meta property=\"og:site_name\" content=\"Elbl\u00e4ufer\" \/>\n<meta property=\"article:modified_time\" content=\"2020-01-22T13:04:03+00:00\" \/>\n<meta name=\"twitter:card\" content=\"summary_large_image\" \/>\n<script type=\"application\/ld+json\" class=\"yoast-schema-graph\">{\"@context\":\"https:\/\/schema.org\",\"@graph\":[{\"@type\":\"WebPage\",\"@id\":\"https:\/\/www.elblaeufer.com\/?page_id=45\",\"url\":\"https:\/\/www.elblaeufer.com\/?page_id=45\",\"name\":\"Ausbildung - Elbl\u00e4ufer\",\"isPartOf\":{\"@id\":\"https:\/\/www.elblaeufer.com\/#website\"},\"datePublished\":\"2019-12-06T12:34:20+00:00\",\"dateModified\":\"2020-01-22T13:04:03+00:00\",\"breadcrumb\":{\"@id\":\"https:\/\/www.elblaeufer.com\/?page_id=45#breadcrumb\"},\"inLanguage\":\"de\",\"potentialAction\":[{\"@type\":\"ReadAction\",\"target\":[\"https:\/\/www.elblaeufer.com\/?page_id=45\"]}]},{\"@type\":\"BreadcrumbList\",\"@id\":\"https:\/\/www.elblaeufer.com\/?page_id=45#breadcrumb\",\"itemListElement\":[{\"@type\":\"ListItem\",\"position\":1,\"name\":\"Startseite\",\"item\":\"https:\/\/www.elblaeufer.com\/\"},{\"@type\":\"ListItem\",\"position\":2,\"name\":\"Ausbildung\"}]},{\"@type\":\"WebSite\",\"@id\":\"https:\/\/www.elblaeufer.com\/#website\",\"url\":\"https:\/\/www.elblaeufer.com\/\",\"name\":\"Elbl\u00e4ufer\",\"description\":\"\",\"publisher\":{\"@id\":\"https:\/\/www.elblaeufer.com\/#organization\"},\"potentialAction\":[{\"@type\":\"SearchAction\",\"target\":{\"@type\":\"EntryPoint\",\"urlTemplate\":\"https:\/\/www.elblaeufer.com\/?s={search_term_string}\"},\"query-input\":{\"@type\":\"PropertyValueSpecification\",\"valueRequired\":true,\"valueName\":\"search_term_string\"}}],\"inLanguage\":\"de\"},{\"@type\":\"Organization\",\"@id\":\"https:\/\/www.elblaeufer.com\/#organization\",\"name\":\"Elbl\u00e4ufer\",\"url\":\"https:\/\/www.elblaeufer.com\/\",\"logo\":{\"@type\":\"ImageObject\",\"inLanguage\":\"de\",\"@id\":\"https:\/\/www.elblaeufer.com\/#\/schema\/logo\/image\/\",\"url\":\"https:\/\/www.elblaeufer.com\/wp-content\/uploads\/2019\/12\/cropped-ELBLA\u00a6\u00eaUFER-Logo-vertikal-02.png\",\"contentUrl\":\"https:\/\/www.elblaeufer.com\/wp-content\/uploads\/2019\/12\/cropped-ELBLA\u00a6\u00eaUFER-Logo-vertikal-02.png\",\"width\":1843,\"height\":426,\"caption\":\"Elbl\u00e4ufer\"},\"image\":{\"@id\":\"https:\/\/www.elblaeufer.com\/#\/schema\/logo\/image\/\"}}]}<\/script>\n<!-- \/ Yoast SEO plugin. -->","yoast_head_json":{"title":"Ausbildung - Elbl\u00e4ufer","robots":{"index":"index","follow":"follow","max-snippet":"max-snippet:-1","max-image-preview":"max-image-preview:large","max-video-preview":"max-video-preview:-1"},"canonical":"https:\/\/www.elblaeufer.com\/?page_id=45","og_locale":"de_DE","og_type":"article","og_title":"Ausbildung - Elbl\u00e4ufer","og_description":"&#8222;Wenn \u00fcber das Grunds\u00e4tzliche keine Einigkeit besteht, ist es sinnlos, miteinander Pl\u00e4ne zu machen.&#8220; (Konfuzius)","og_url":"https:\/\/www.elblaeufer.com\/?page_id=45","og_site_name":"Elbl\u00e4ufer","article_modified_time":"2020-01-22T13:04:03+00:00","twitter_card":"summary_large_image","schema":{"@context":"https:\/\/schema.org","@graph":[{"@type":"WebPage","@id":"https:\/\/www.elblaeufer.com\/?page_id=45","url":"https:\/\/www.elblaeufer.com\/?page_id=45","name":"Ausbildung - Elbl\u00e4ufer","isPartOf":{"@id":"https:\/\/www.elblaeufer.com\/#website"},"datePublished":"2019-12-06T12:34:20+00:00","dateModified":"2020-01-22T13:04:03+00:00","breadcrumb":{"@id":"https:\/\/www.elblaeufer.com\/?page_id=45#breadcrumb"},"inLanguage":"de","potentialAction":[{"@type":"ReadAction","target":["https:\/\/www.elblaeufer.com\/?page_id=45"]}]},{"@type":"BreadcrumbList","@id":"https:\/\/www.elblaeufer.com\/?page_id=45#breadcrumb","itemListElement":[{"@type":"ListItem","position":1,"name":"Startseite","item":"https:\/\/www.elblaeufer.com\/"},{"@type":"ListItem","position":2,"name":"Ausbildung"}]},{"@type":"WebSite","@id":"https:\/\/www.elblaeufer.com\/#website","url":"https:\/\/www.elblaeufer.com\/","name":"Elbl\u00e4ufer","description":"","publisher":{"@id":"https:\/\/www.elblaeufer.com\/#organization"},"potentialAction":[{"@type":"SearchAction","target":{"@type":"EntryPoint","urlTemplate":"https:\/\/www.elblaeufer.com\/?s={search_term_string}"},"query-input":{"@type":"PropertyValueSpecification","valueRequired":true,"valueName":"search_term_string"}}],"inLanguage":"de"},{"@type":"Organization","@id":"https:\/\/www.elblaeufer.com\/#organization","name":"Elbl\u00e4ufer","url":"https:\/\/www.elblaeufer.com\/","logo":{"@type":"ImageObject","inLanguage":"de","@id":"https:\/\/www.elblaeufer.com\/#\/schema\/logo\/image\/","url":"https:\/\/www.elblaeufer.com\/wp-content\/uploads\/2019\/12\/cropped-ELBLA\u00a6\u00eaUFER-Logo-vertikal-02.png","contentUrl":"https:\/\/www.elblaeufer.com\/wp-content\/uploads\/2019\/12\/cropped-ELBLA\u00a6\u00eaUFER-Logo-vertikal-02.png","width":1843,"height":426,"caption":"Elbl\u00e4ufer"},"image":{"@id":"https:\/\/www.elblaeufer.com\/#\/schema\/logo\/image\/"}}]}},"jetpack_sharing_enabled":true,"_links":{"self":[{"href":"https:\/\/www.elblaeufer.com\/index.php?rest_route=\/wp\/v2\/pages\/45","targetHints":{"allow":["GET"]}}],"collection":[{"href":"https:\/\/www.elblaeufer.com\/index.php?rest_route=\/wp\/v2\/pages"}],"about":[{"href":"https:\/\/www.elblaeufer.com\/index.php?rest_route=\/wp\/v2\/types\/page"}],"author":[{"embeddable":true,"href":"https:\/\/www.elblaeufer.com\/index.php?rest_route=\/wp\/v2\/users\/1"}],"replies":[{"embeddable":true,"href":"https:\/\/www.elblaeufer.com\/index.php?rest_route=%2Fwp%2Fv2%2Fcomments&post=45"}],"version-history":[{"count":7,"href":"https:\/\/www.elblaeufer.com\/index.php?rest_route=\/wp\/v2\/pages\/45\/revisions"}],"predecessor-version":[{"id":474,"href":"https:\/\/www.elblaeufer.com\/index.php?rest_route=\/wp\/v2\/pages\/45\/revisions\/474"}],"wp:attachment":[{"href":"https:\/\/www.elblaeufer.com\/index.php?rest_route=%2Fwp%2Fv2%2Fmedia&parent=45"}],"curies":[{"name":"wp","href":"https:\/\/api.w.org\/{rel}","templated":true}]}}